{"id":1464,"date":"2020-02-18T23:15:24","date_gmt":"2020-02-18T16:15:24","guid":{"rendered":"https:\/\/brandkeyvn.net\/nangconcept\/?post_type=product&#038;p=1464"},"modified":"2020-02-22T15:50:17","modified_gmt":"2020-02-22T08:50:17","slug":"plaid-tweed-vest-nav002","status":"publish","type":"product","link":"https:\/\/brandkey.net\/nangconcept\/san-pham\/plaid-tweed-vest-nav002\/","title":{"rendered":"Plaid Tweed Vest NAV002"},"content":{"rendered":"<p>\u00c1o vest kh\u1ec9 d\u1ef1a theo form d\u00e1ng c\u1ee7a Chanel, \u0111i c\u00f9ng v\u1edbi ch\u1ea5t v\u1ea3i Tweed th\u1eddi th\u01b0\u1ee3ng t\u00f4ng m\u00e0u caro \u0111\u1ecf \u0111en tr\u1ea7m \u1ea5m, qu\u00fd ph\u00e1i<\/p>\n","protected":false},"excerpt":{"rendered":"<p>\u00c1o vest kh\u1ec9 d\u1ef1a theo form d\u00e1ng c\u1ee7a Chanel, \u0111i c\u00f9ng v\u1edbi ch\u1ea5t v\u1ea3i Tweed th\u1eddi th\u01b0\u1ee3ng t\u00f4ng m\u00e0u caro&#8230;<\/p>\n","protected":false},"featured_media":1599,"comment_status":"open","ping_status":"closed","template":"","meta":[],"yst_prominent_words":[],"class_list":{"0":"post-1464","1":"product","2":"type-product","3":"status-publish","4":"has-post-thumbnail","6":"product_cat-ao-vest-blazer","7":"product_cat-nang-cong-so","8":"product_tag-ao-vest","9":"product_tag-plaid-tweed-vest","10":"product_tag-vest","12":"first","13":"instock","14":"shipping-taxable","15":"purchasable","16":"product-type-simple"},"_links":{"self":[{"href":"https:\/\/brandkey.net\/nangconcept\/wp-json\/wp\/v2\/product\/1464"}],"collection":[{"href":"https:\/\/brandkey.net\/nangconcept\/wp-json\/wp\/v2\/product"}],"about":[{"href":"https:\/\/brandkey.net\/nangconcept\/wp-json\/wp\/v2\/types\/product"}],"replies":[{"embeddable":true,"href":"https:\/\/brandkey.net\/nangconcept\/wp-json\/wp\/v2\/comments?post=1464"}],"version-history":[{"count":4,"href":"https:\/\/brandkey.net\/nangconcept\/wp-json\/wp\/v2\/product\/1464\/revisions"}],"predecessor-version":[{"id":1602,"href":"https:\/\/brandkey.net\/nangconcept\/wp-json\/wp\/v2\/product\/1464\/revisions\/1602"}],"wp:featuredmedia":[{"embeddable":true,"href":"https:\/\/brandkey.net\/nangconcept\/wp-json\/wp\/v2\/media\/1599"}],"wp:attachment":[{"href":"https:\/\/brandkey.net\/nangconcept\/wp-json\/wp\/v2\/media?parent=1464"}],"wp:term":[{"taxonomy":"yst_prominent_words","embeddable":true,"href":"https:\/\/brandkey.net\/nangconcept\/wp-json\/wp\/v2\/yst_prominent_words?post=1464"}],"curies":[{"name":"wp","href":"https:\/\/api.w.org\/{rel}","templated":true}]}}