{"id":1507,"date":"2020-02-19T08:19:10","date_gmt":"2020-02-19T01:19:10","guid":{"rendered":"https:\/\/brandkeyvn.net\/nangconcept\/?post_type=product&#038;p=1507"},"modified":"2020-02-22T15:38:31","modified_gmt":"2020-02-22T08:38:31","slug":"black-silk-basic-camesole-nad002","status":"publish","type":"product","link":"https:\/\/brandkey.net\/nangconcept\/san-pham\/black-silk-basic-camesole-nad002\/","title":{"rendered":"Black Silk Basic Camesole NAD002"},"content":{"rendered":"<p>\u00c1o hai d\u00e2y l\u1ee5a \u0111en c\u01a1 b\u1ea3n, c\u00f3 p\u00e1t c\u00e0i sau \u00e1o \u0111\u1ec3 tu\u1ef3 ch\u1ec9nh d\u00e0i ng\u1eafn d\u00e2y \u00e1o ph\u00f9 h\u1ee3p, freesize ng\u1ef1c 92cm<\/p>\n","protected":false},"excerpt":{"rendered":"<p>\u00c1o hai d\u00e2y l\u1ee5a \u0111en c\u01a1 b\u1ea3n, c\u00f3 p\u00e1t c\u00e0i sau \u00e1o \u0111\u1ec3 tu\u1ef3 ch\u1ec9nh d\u00e0i ng\u1eafn d\u00e2y \u00e1o ph\u00f9&#8230;<\/p>\n","protected":false},"featured_media":1570,"comment_status":"open","ping_status":"closed","template":"","meta":[],"yst_prominent_words":[],"class_list":{"0":"post-1507","1":"product","2":"type-product","3":"status-publish","4":"has-post-thumbnail","6":"product_cat-ao-kieu","7":"product_cat-nang-dao-pho","8":"product_tag-ao-kieu","9":"product_tag-silk-basic-camesole","11":"first","12":"instock","13":"shipping-taxable","14":"purchasable","15":"product-type-simple"},"_links":{"self":[{"href":"https:\/\/brandkey.net\/nangconcept\/wp-json\/wp\/v2\/product\/1507"}],"collection":[{"href":"https:\/\/brandkey.net\/nangconcept\/wp-json\/wp\/v2\/product"}],"about":[{"href":"https:\/\/brandkey.net\/nangconcept\/wp-json\/wp\/v2\/types\/product"}],"replies":[{"embeddable":true,"href":"https:\/\/brandkey.net\/nangconcept\/wp-json\/wp\/v2\/comments?post=1507"}],"version-history":[{"count":3,"href":"https:\/\/brandkey.net\/nangconcept\/wp-json\/wp\/v2\/product\/1507\/revisions"}],"predecessor-version":[{"id":1571,"href":"https:\/\/brandkey.net\/nangconcept\/wp-json\/wp\/v2\/product\/1507\/revisions\/1571"}],"wp:featuredmedia":[{"embeddable":true,"href":"https:\/\/brandkey.net\/nangconcept\/wp-json\/wp\/v2\/media\/1570"}],"wp:attachment":[{"href":"https:\/\/brandkey.net\/nangconcept\/wp-json\/wp\/v2\/media?parent=1507"}],"wp:term":[{"taxonomy":"yst_prominent_words","embeddable":true,"href":"https:\/\/brandkey.net\/nangconcept\/wp-json\/wp\/v2\/yst_prominent_words?post=1507"}],"curies":[{"name":"wp","href":"https:\/\/api.w.org\/{rel}","templated":true}]}}