{"id":1888,"date":"2020-02-25T15:50:23","date_gmt":"2020-02-25T08:50:23","guid":{"rendered":"https:\/\/brandkeyvn.net\/nangconcept\/?post_type=product&#038;p=1888"},"modified":"2020-03-06T10:05:04","modified_gmt":"2020-03-06T03:05:04","slug":"polk-pastel-shirt-nas012","status":"publish","type":"product","link":"https:\/\/brandkey.net\/nangconcept\/san-pham\/polk-pastel-shirt-nas012\/","title":{"rendered":"Polk Pastel Shirt NAS012"},"content":{"rendered":"<p>\u00c1o s\u01a1mi xanh pastel ho\u1ea1 ti\u1ebft ch\u1ea5m bi tr\u1eafng ,ch\u1ea5t li\u1ec7u voan m\u01b0\u1ee3t m\u00e0 tho\u00e1ng m\u00e1t cho c\u00e1c qu\u00fd c\u00f4 v\u0103n ph\u00f2ng ,freesize v\u00f2ng ng\u1ef1c t\u1ed1i \u0111a 92cm<\/p>\n","protected":false},"excerpt":{"rendered":"<p>\u00c1o s\u01a1mi xanh pastel ho\u1ea1 ti\u1ebft ch\u1ea5m bi tr\u1eafng ,ch\u1ea5t li\u1ec7u voan m\u01b0\u1ee3t m\u00e0 tho\u00e1ng m\u00e1t cho c\u00e1c qu\u00fd c\u00f4&#8230;<\/p>\n","protected":false},"featured_media":1891,"comment_status":"open","ping_status":"closed","template":"","meta":[],"yst_prominent_words":[],"class_list":{"0":"post-1888","1":"product","2":"type-product","3":"status-publish","4":"has-post-thumbnail","6":"product_cat-ao-somi","7":"product_cat-nang-cong-so","8":"product_tag-ao-somi","9":"product_tag-ao-somi-cham-bi","10":"product_tag-ao-somi-voan","12":"first","13":"instock","14":"shipping-taxable","15":"purchasable","16":"product-type-simple"},"_links":{"self":[{"href":"https:\/\/brandkey.net\/nangconcept\/wp-json\/wp\/v2\/product\/1888"}],"collection":[{"href":"https:\/\/brandkey.net\/nangconcept\/wp-json\/wp\/v2\/product"}],"about":[{"href":"https:\/\/brandkey.net\/nangconcept\/wp-json\/wp\/v2\/types\/product"}],"replies":[{"embeddable":true,"href":"https:\/\/brandkey.net\/nangconcept\/wp-json\/wp\/v2\/comments?post=1888"}],"version-history":[{"count":1,"href":"https:\/\/brandkey.net\/nangconcept\/wp-json\/wp\/v2\/product\/1888\/revisions"}],"predecessor-version":[{"id":1892,"href":"https:\/\/brandkey.net\/nangconcept\/wp-json\/wp\/v2\/product\/1888\/revisions\/1892"}],"wp:featuredmedia":[{"embeddable":true,"href":"https:\/\/brandkey.net\/nangconcept\/wp-json\/wp\/v2\/media\/1891"}],"wp:attachment":[{"href":"https:\/\/brandkey.net\/nangconcept\/wp-json\/wp\/v2\/media?parent=1888"}],"wp:term":[{"taxonomy":"yst_prominent_words","embeddable":true,"href":"https:\/\/brandkey.net\/nangconcept\/wp-json\/wp\/v2\/yst_prominent_words?post=1888"}],"curies":[{"name":"wp","href":"https:\/\/api.w.org\/{rel}","templated":true}]}}